 are the prime factors of t?
2, 3, 7
Suppose 2*z - 2554 = -4*a, 0*a - 2569 = -4*a + 3*z. List the prime factors of a.
2, 5
Let w = 10946 - 7462. List the prime factors of w.
2, 13, 67
What are the prime factors of (-4)/(-10) + 665574/390?
3, 569
Suppose -304*m + 300*m + 1384 = 0. List the prime factors of m.
2, 173
Suppose -5*c - 3*l = -3440, -2*l = -0 - 10. Suppose -5*f - 255 + c = 0. List the prime factors of f.
2, 43
Let q(d) = -17*d + 14. Let z be q(6). Let g = z - -135. What are the prime factors of g?
47
Let j(q) = 4*q**2 + 32*q. What are the prime factors of j(6)?
2, 3, 7
Let n = -288 + 291. What are the prime factors of n?
3
Let w(b) = -b**2 - 6*b - 4. Let a be w(-5). Suppose 2*d - 13 = -a. Suppose 0 = -u + 1 + d. List the prime factors of u.
7
Let m = 30 - 25. Suppose -1 + 41 = m*h. Suppose h - 40 = -4*p. What are the prime factors of p?
2
Let i = 13 + -7. Let y(r) = r**2 + 4*r - 13. Let a be y(i). Suppose -2*m = 1 - a. List the prime factors of m.
23
Suppose 0 = -4*t + 5*t - 3. Let m = 5 - t. Suppose 5*j = -m*y + 116, -3*j - y - 2*y + 66 = 0. What are the prime factors of j?
2, 3
Let t = 18 - 18. Suppose 0*m - 5*m = t. Let p = m - -18. List the prime factors of p.
2, 3
Let c(u) = -7*u + u**2 - 1 + u + 6 + 0*u. Let d be c(8). Suppose 2*o - 25 = d. What are the prime factors of o?
23
Let v = -9 - -18. Let d(y) = y**3 - 8*y**2 - 7*y - 9. Let k be d(v). Suppose k*t - 364 = 2*t. List the prime factors of t.
2, 13
Suppose 0 = -v + 2 - 7, 3*v = -3*n + 456. What are the prime factors of n?
157
Let u(k) be the second derivative of -9*k**2 - 1/2*k**3 + 0 + 3*k. What are the prime factors of u(-17)?
3, 11
Suppose -272 - 670 = -3*h. What are the prime factors of h?
2, 157
Suppose -7*u - p = -2*u + 33, -5*p - 15 = 0. What are the prime factors of (40 - 32) + (-4)/u*3?
2, 5
Suppose 12054 = 5*m - 2*c + 2064, 0 = 3*m - 3*c - 6003. What are the prime factors of m?
2, 499
Suppose -5*z + 7*z = 6. Suppose 0 = 5*y - d - 265, 46 + 111 = z*y - d. Suppose 16 + y = 2*q. List the prime factors of q.
5, 7
Suppose -10*x = -64*x + 78624. List the prime factors of x.
2, 7, 13
Let k = -31 - -55. What are the prime factors of 8/4 + k/2 + 1?
3, 5
What are the prime factors of 59*14*160/112?
2, 5, 59
Suppose 5*z - 8688 = -483. What are the prime factors of z?
3, 547
Let m = 739 + -396. Suppose -4*q + 202 = 2*p, -q + 5*q = 3*p - m. What are the prime factors of p?
109
Suppose -5*o + 10*o + 2*b - 1015 = 0, -2*o + 385 = 5*b. What are the prime factors of o?
5, 41
Let l(o) = -o**2 - 15*o + 2. Let c be l(-7). Suppose 0 = -4*p + 20, 5*d = -2*p + c + 2. Suppose 0 = 6*x - d*x + 92. What are the prime factors of x?
23
Let r = -23 - -26. Suppose -r*h = 4*d - 55 - 41, 0 = 3*d + 9. List the prime factors of h.
2, 3
Suppose 3*c - 4*f = 114, 2*c - 5*f - 111 + 35 = 0. Let s = c + 26. List the prime factors of s.
2
List the prime factors of (-53)/(2/(-52)*2).
13, 53
Let t be (-1 + -58)/(1 + (-9)/8). Suppose -336 = -8*g + t. List the prime factors of g.
101
Let q(r) = -8*r**3 + 2*r**2 - 5*r - 5. Let p(d) = -d**3 - 1. Let u(m) = -2*p(m) + q(m). What are the prime factors of u(-3)?
2, 3
Let j(f) = 3*f + 54. Let z(q) = -q**3 + 2*q**2. Let a be z(0). List the prime factors of j(a).
2, 3
What are the prime factors of ((-4)/10 - -1) + 1778660/650?
7, 17, 23
Let q = 28 + -16. Suppose 0 = -5*o + 5*a + 514 + 446, -3*a - q = 0. List the prime factors of o.
2, 47
Let h(w) = 14*w**3 + 2*w**2 - 2*w. What are the prime factors of h(3)?
2, 3, 5, 13
Suppose -5 = -a, 2*a + 45 = -2*f - 19. Let q = 45 + f. List the prime factors of q.
2
What are the prime factors of 6*(-7)/(-28 + 0)*2?
3
Let c(p) = -240*p - 32. Let w be c(-5). Suppose 5*d = 2*i - 403 + w, -629 = -4*d + 5*i. List the prime factors of d.
151
List the prime factors of (39*(20 - 36))/(3/(-14)).
2, 7, 13
Let n be 12/(-18)*111/2. Let y = -19 - n. List the prime factors of y.
2, 3
Suppose 2 = -j + 5. Suppose 0 = j*b - 4 - 5. Suppose -5*i + b*x + 2*x + 20 = 0, 0 = i - 2*x. List the prime factors of i.
2
Let j be ((-54)/(-6) - 6)/(6/832). Suppose 0 = -7*c + j - 52. List the prime factors of c.
2, 13
Let f = 51 - 43. Suppose 365 = f*d - 163. List the prime factors of d.
2, 3, 11
What are the prime factors of ((-1765)/(-15))/(5/45)?
3, 353
Let u(c) = -c**3 - 6*c**2 + 16*c. Suppose -3*q = -q + 4*n + 8, -3*n = -9. List the prime factors of u(q).
2, 3, 5
Suppose 2*s = 11*s - 5193. List the prime factors of s.
577
Suppose -41*o + 18445 = -24*o. What are the prime factors of o?
5, 7, 31
Let r(v) = -v + 7. Let m be r(11). Let i(l) = -35*l + 1. Let h be i(m). Suppose 3*z = -51 + h. What are the prime factors of z?
2, 3, 5
Let u(g) = -g - 7 + 0*g + 0*g. Suppose 13*l + 15 = 12*l. List the prime factors of u(l).
2
Let c(t) = 58*t + 21. Let k(j) = -59*j - 19. Let f(q) = 4*c(q) + 3*k(q). What are the prime factors of f(4)?
13, 19
Let r(t) = t**3 + 6*t**2 + 4*t - 9. Let c be r(-6). Suppose 3*o = -2*f + 9, o + 4*o - 25 = 0. List the prime factors of f - (-2 + 3 + c).
29
Let q be 236/9 + (-4)/18. Suppose 0 = -4*l + 70 - q. Let z = l - -3. List the prime factors of z.
2, 7
List the prime factors of 556/((-6)/3 + (-35)/(-14)).
2, 139
Let v(w) = -w**3 - 4*w**2 - 4*w - 4. Let l be v(-4). Suppose -3*b + l = 0, -2*y - 3*b - 22 = -2*b. Let n = 18 + y. What are the prime factors of n?
5
Let b(y) = -2*y - 8 - 3*y**2 + y + 6*y**2 - 2*y. List the prime factors of b(4).
2, 7
What are the prime factors of -6*1/2 + 55?
2, 13
Let b(n) = -n**2 - n + 3. Let p be b(0). Suppose 0 = -p*f - 0 - 27. What are the prime factors of 74/2 + f/(-3)?
2, 5
Let g(c) = -179*c + 469. What are the prime factors of g(-9)?
2, 5, 13
Let u(k) = -2*k**2 - 16*k + 2. Let l be u(-8). Suppose -99 = -l*b + 2*z + 175, -391 = -3*b - 2*z. What are the prime factors of b?
7, 19
Let y = 29 - 27. Suppose -w = c - 16 - 9, -5*w + 110 = y*c. What are the prime factors of w?
2, 5
Suppose 0 = 4*n - 1 - 19. Suppose -3*j = -5*m - 9, -2*m = -0*m - 3*j + 9. Suppose 0 = -3*b + 3*c + 60, m = 3*b + c - n*c - 58. What are the prime factors of b?
2, 11
Suppose -27760 = -17*f + 5152. What are the prime factors of f?
2, 11
Let i(w) = 8*w + 2. Let b be i(-1). Let z be 2/b - 160/(-30). Suppose 4*q = z + 3. What are the prime factors of q?
2
Let o be (-2 - -8) + 0 + -3. Suppose -2*s = 5*d - o*s + 5, -s + 5 = -3*d. Let z = 4 - d. What are the prime factors of z?
2
Let j(z) = -z**2 - 19*z - 2. Let m be j(-19). List the prime factors of (43/m)/(4/(-8)).
43
Let b(a) = 2 - 4 - 3 - 8*a. What are the prime factors of b(-2)?
11
What are the prime factors of -3 - (-11 - (-42424)/(-8))?
47, 113
Suppose 837848 = 128*z + 165848. List the prime factors of z.
2, 3, 5, 7
Let c(p) = -p**2 + p + 1. Let y(h) = -26*h**2 - 4*h - 1. Let r(u) = -2*c(u) - y(u). List the prime factors of r(1).
29
Let v(f) = -296*f**3 + f**2 - f - 2. List the prime factors of v(-1).
2, 37
Let h(w) = -w**3 - 37*w**2 + 26*w - 110. What are the prime factors of h(-39)?
2, 7, 137
Let o(g) = -2*g**2 + 1. Let f be o(-2). Let l = 13 + f. What are the prime factors of 135/l + 2/4?
23
Let n be 441/12 + (-4)/32*-2. Suppose 0 = -2*w - 5*f + n, -f - 50 = -4*w - 3*f. List the prime factors of w.
11
Suppose 0 = 5*s - 4*s + 16. What are the prime factors of 4/s + (-157)/(-4)?
3, 13
Let d(f) be the second derivative of -f**4/12 + 2*f**3 - 3*f**2 + 4*f. Let w be d(11). Let p = 9 - w. List the prime factors of p.
2
Let d = -1268 + 2043. What are the prime factors of d?
5, 31
Suppose -6*n + 36*n = 15630. List the prime factors of n.
521
Suppose 0 = 4*p - 5*n + 2 - 3, 4*n = -5*p + 32. Suppose 5*m - p*m = 48. What are the prime factors of m?
2, 3
Suppose 5*m + 2723 = 10*m + 3*q, -2175 = -4*m + q. List the prime factors of m.
2, 17
Let b(o) = o**2 + 7*o - 9. Let a be b(-7). Let q be (138/a)/((-2)/(-12)). Let f = -36 - q. What are the prime factors of f?
2, 7
Let q = 10932 + -5984. What are the prime factors of q?
2, 1237
Let v = -25 + 21. List the prime factors of 1/4 + (-231)/v.
2, 29
Let o be 3 + (-5 - -4 - (-1 + 3)). Suppose 0 = 5*h, 4*k + o = 3*h + 44. List the prime factors of k.
11
Let z be 4 - 1*2/(-1). Let k(i) = 5*i**2 - z*i**3 + 7*i**3 + 6 - 2 - 13*i. List the prime factors of k(-6).
2, 23
Let y(s) = -113*s + 16. Let t be y(-4). Suppose -3*u + 0*j = j - t, -2*u + 312 = -j. Wha